q + 155*q = 11124. Calculate the remainder when q is divided by a.
13
Let s be 18*59 + (-1 - 4). Suppose 0 = -9*k + 275 + s. Let o = k - 113. Calculate the remainder when o is divided by 6.
5
Let f(o) = -2 - o**3 - 36*o**2 - 1 + 18*o**2 - 18*o. Let c(d) = -4*d**3 - 15*d**2 - 7*d + 8. Calculate the remainder when c(-4) is divided by f(-17).
10
Suppose 4*k = 2*m + 26, -20 = -4*k - 2*m - 6. Let q(i) = i**3 + 42*i**2 - 91*i - 103. Calculate the remainder when q(-44) is divided by k.
4
Let n = -293 - -268. Calculate the remainder when 148 is divided by (-1 + (-55)/n)/((-1)/(-25)).
28
Calculate the remainder when 166 is divided by 2/(-2 + 462/220).
6
Let f be (5 - 0) + -4 + 13. Let h(c) = -c**2 + 7*c + 9. Let g be h(8). Let p = f + g. Calculate the remainder when 43 is divided by p.
13
Suppose 5*b - 38 = 7*b - 2*n, 3*b + 5*n + 33 = 0. Let v(t) = -t**2 - 16*t + 82. What is the remainder when v(b) is divided by 32?
18
Suppose -2*q + 220 = 3*q. Suppose 4*s - q = 44. Let v(n) = 42*n - 1221. What is the remainder when v(30) is divided by s?
17
Suppose -390 = -8*m + 1378. What is the remainder when m is divided by 52?
13
Let r(m) = -m**2 + 47*m - 184. Calculate the remainder when r(35) is divided by 36.
20
Let w = 13101 + -13089. Let y(s) = -s - 13. What is the remainder when w is divided by y(-16)?
0
Calculate the remainder when 1836/2295 - (0 - (-1781)/(-5)) is divided by 98.
63
Calculate the remainder when 1/(2/(-185))*-1*4/2 is divided by 27.
23
Let z = 18 - 20. Let w be z/((6/388)/3). Calculate the remainder when 151 is divided by (-12)/(-42) + w/(-14) + 3.
27
Suppose -2*b = -12, 52*z + 4*b = 47*z + 949. Calculate the remainder when z is divided by 31.
30
Suppose -7*p - 6*p + 145 = -258. Suppose 5*n - 595 = 925. Calculate the remainder when n is divided by p.
25
Suppose 488*d = 491*d - 609. Let j(n) = n**3 - 6*n**2 - 7*n + 4. Let c be j(7). Suppose c*o = -5*o + 108. What is the remainder when d is divided by o?
11
Let f be 3*(-4 - (-12)/9). What is the remainder when ((-2)/f)/(21/(-5516))*-3 is divided by 63?
8
Let f = -69 + 89. Suppose y = f*y - 1672. What is the remainder when y is divided by 6?
4
Suppose -3*p + 66 = 3*c, 4*c = 3*c - 4*p + 7. Let o = 65 - c. Let y(w) = -w**3 - 18*w**2 - 33*w - 3. Calculate the remainder when o is divided by y(-16).
12
Let b = 14 - 10. Suppose -a - y + 80 = b*a, 4*y = -a + 35. Let r(x) = 8*x + 11. Calculate the remainder when a is divided by r(-1).
0
What is the remainder when 549 is divided by (4/(-5))/((-10276)/(-2570) + -4)?
35
Let h(y) = -y**3 - 9*y**2 - 17*y + 10. Let k be h(-6). Suppose 5 = l + k*j, 6*j - 15 = -3*l + 4*j. What is the remainder when 74 is divided by l?
4
Suppose 37 = 7*q - 47. Let p = -4 - -18. Calculate the remainder when p is divided by 6/q*(20 - 0).
4
Suppose -2048 = -29*s + 2563. What is the remainder when s is divided by 129?
30
Suppose 0 = -5*c - b + 1257 - 139, 0 = -5*c - 2*b + 1116. Suppose j = -5*d + 2*j + 287, -c = -4*d - 2*j. Calculate the remainder when 223 is divided by d.
52
Let q(n) = 6*n**2 + 278*n - 370. What is the remainder when 125 is divided by q(-48)?
15
Let h(x) = 219*x + 1977. What is the remainder when 2253 is divided by h(-9)?
3
Let k(t) = t**3 - 11*t**2 - 11*t + 178. Calculate the remainder when 3/(30/(-4))*(-189 - 6) is divided by k(11).
21
Suppose -12 - 24 = -2*n. Suppose 8*a + 10 = 82. Calculate the remainder when n is divided by 10/(a/(-15) - (-52)/20).
3
Suppose -35*p = -48*p + 351. Suppose 0 = 25*a - p*a + 3*n + 248, 2*n + 123 = a. What is the remainder when a is divided by 13?
10
Let d(s) = -s**2 - 11*s - 14. Let r be d(-15). Let m = 78 + r. What is the remainder when (-7 - -8)/((m/18)/2) is divided by 5?
4
Let t be 25/((-2275)/14) - 212/(-26). Let v(u) = 2*u**2 - 26*u + 125. Calculate the remainder when 126 is divided by v(t).
36
Let d = 463 - 442. Suppose -d*o = -1731 + 30. Calculate the remainder when 322 is divided by o.
79
Let i = -9023 - -9413. Calculate the remainder when i is divided by 24.
6
Let a = 8744 + -8725. Let r(p) = 13*p**3 - 2*p**2 + p. Calculate the remainder when a is divided by r(1).
7
Calculate the remainder when 4198 is divided by ((-558382)/(-85))/22 - 14/(-10).
298
Let j = -11779 + 11810. Suppose -2*x = x - 270. Calculate the remainder when x is divided by j.
28
Suppose 2*u = -5*o + 8859 - 2859, -o + 4*u = -1178. What is the remainder when o is divided by 60?
58
What is the remainder when ((5226/5)/3)/((-158)/(-395)) is divided by 23?
20
Let b = -460 + 589. Suppose -6*o = -9*o + b. What is the remainder when 342 is divided by o?
41
Let o = 556 + -517. What is the remainder when 206 is divided by o?
11
Let q(s) = 259*s**3 - 15*s**2 - 10*s + 5. Calculate the remainder when q(3) is divided by 43.
39
Suppose -209*u = -120594 - 459747 - 292652. Calculate the remainder when u is divided by 41.
36
Let w(y) = -142*y + 359. Calculate the remainder when 87 is divided by w(2).
12
Suppose 185*w - 4483 + 968 = 0. What is the remainder when 108 is divided by w?
13
Suppose 5*j = 3*o - 635, 5*j + 5062 = 30*o - 1378. Calculate the remainder when 1226 is divided by o.
151
Let s = 184 - 179. Suppose 12 - 7 = -s*l, -44 = -2*k + 4*l. Calculate the remainder when 275 is divided by k.
15
Suppose 0 = -29*d + 39*d - 40. Suppose 2*x + 18 = 3*t + 64, t = -d. Calculate the remainder when 44 is divided by x.
10
Let o = 21 + -12. Let d = 45165 + -45124. What is the remainder when d is divided by o?
5
Suppose -8664 = 663*r - 43705 - 114797. Suppose 0 = -2*w + 3*o + 29, -55 = -4*w - 3*o + 8*o. What is the remainder when r is divided by w?
6
Let f(q) = q**2 + 130*q + 1354. Let r = 20 - 8. What is the remainder when f(-11) is divided by r?
9
Let x be 11/33*(-2 + 8). Suppose 2*r = 3*g - x*g - 25, -r - 4 = 0. Suppose -5*t + 6*t - g = 0. What is the remainder when 101 is divided by t?
16
Let z = 226 - -231. Calculate the remainder when z is divided by 51.
49
Let c(v) = 2*v**3 - 8*v**2 + 5*v - 4. Let a be c(5). Let o = -31 + a. Calculate the remainder when o is divided by 22.
18
Suppose -r + 0*r = 8. Let m = 16 + r. Suppose 188*h = -527*h + 94 + 3481. Calculate the remainder when m is divided by h.
3
Suppose -4*k + 138 = -2*v, 705*k - 108 = 702*k + 2*v. Calculate the remainder when 3296 is divided by k.
26
Suppose y - 57 = -2*d, -3*y + 4*d = -0*y - 151. Let g(q) = -q**3 - 5*q**2 - 12*q - 15. What is the remainder when y is divided by g(-3)?
2
Let i(y) = y**3 + 41*y**2 - 88*y - 73. Let j(v) = -5*v - 2 - 8*v + 0. What is the remainder when j(-5) is divided by i(-43)?
11
Let r(i) = 66*i**2 + i - 3. What is the remainder when r(2) is divided by 1178/(-62)*1*-2?
35
Suppose -23210 + 8689 = -13*z. What is the remainder when z is divided by 13?
12
Let a be (8 + 350/(-42))*-57. Let w = 60 - 36. Suppose 105 = w*t - a*t. What is the remainder when t is divided by 12?
9
Suppose -5*x = 3*z + 7*z - 2850, z - 312 = 4*x. What is the remainder when z is divided by 46?
12
Suppose -k = -0*r + r + 61, -242 = 4*k + 2*r. Let q be 23/5 + k/100. What is the remainder when (105/(-20))/(q/(-192)) is divided by 64?
60
Suppose 4*g = -3*o - 33, 4*o = -2*g - 2 - 2. Let z = 301 + -296. Calculate the remainder when (-687)/(-18) + 2/g is divided by z.
3
Suppose 90*b - 38*b - 30176 = -30*b. What is the remainder when b is divided by 25?
18
Let w be 4 + 0 + 3*(-111)/9. Let h = w - -37. What is the remainder when 55 is divided by (-36)/(-21) + h/14 - -15?
4
Let h(k) = -162*k + 50. Let u(f) = -65*f + 20. Let m(s) = 5*h(s) - 12*u(s). What is the remainder when m(-10) is divided by 39?
37
Suppose 385 - 10 = 5*a. Let x(o) = -o**3 - 40*o**2 + 2*o + 106. Let m be x(-40). Suppose -2*r + m + 12 = 0. Calculate the remainder when a is divided by r.
18
Suppose -4*r = 4*k - 56, 2*r - 9 = 5*k + 19. Let n(x) = x + 15. Calculate the remainder when r is divided by n(-6).
5
Let d(m) = -m**3 + 11*m**2 + 12*m - 4. Calculate the remainder when d(11) is divided by 1*(-200)/5*(-8 + (4 - -3)).
8
Suppose 21*j - 48 = 17*j. Suppose 2*f - 4 = -3*k + 39, 37 = 3*k - f. Calculate the remainder when 93*(30/(-54))/((-10)/j) is divided by k.
10
Suppose 49*y = 17829 + 51800. What is the remainder when y is divided by 141?
11
Let b = 1340 + -1172. What is the remainder when 174 is divided by b?
6
Let w(u) = -u**3 - 26*u**2 - 154*u + 68. C